t of 811783?
3
What is the hundred thousands digit of 5965122?
9
What is the thousands digit of 1036916?
6
What is the tens digit of 6070853?
5
What is the units digit of 4403232?
2
What is the ten millions digit of 10626601?
1
What is the hundreds digit of 594733?
7
What is the millions digit of 1195603?
1
What is the thousands digit of 435402?
5
What is the thousands digit of 109698?
9
What is the tens digit of 12519037?
3
What is the ten thousands digit of 10305811?
0
What is the ten thousands digit of 6584774?
8
What is the hundred thousands digit of 530063?
5
What is the hundreds digit of 210879?
8
What is the thousands digit of 402552?
2
What is the tens digit of 30653788?
8
What is the hundreds digit of 752513?
5
What is the hundreds digit of 15303853?
8
What is the hundred thousands digit of 800781?
8
What is the hundred thousands digit of 200624?
2
What is the ten thousands digit of 7457776?
5
What is the units digit of 2326527?
7
What is the ten thousands digit of 297166?
9
What is the thousands digit of 8748375?
8
What is the tens digit of 1042120?
2
What is the tens digit of 15878866?
6
What is the tens digit of 995489?
8
What is the ten thousands digit of 410096?
1
What is the units digit of 2774991?
1
What is the hundreds digit of 20838214?
2
What is the millions digit of 9137635?
9
What is the tens digit of 440768?
6
What is the ten thousands digit of 237033?
3
What is the thousands digit of 254914?
4
What is the hundreds digit of 176436?
4
What is the hundred thousands digit of 238075?
2
What is the units digit of 24756575?
5
What is the tens digit of 834032?
3
What is the hundreds digit of 144903?
9
What is the ten thousands digit of 959007?
5
What is the thousands digit of 9779293?
9
What is the units digit of 29961?
1
What is the tens digit of 3197995?
9
What is the tens digit of 1190721?
2
What is the ten thousands digit of 25336324?
3
What is the hundreds digit of 1313411?
4
What is the ten thousands digit of 50347?
5
What is the hundreds digit of 1454662?
6
What is the hundred thousands digit of 1492322?
4
What is the ten thousands digit of 1749751?
4
What is the tens digit of 320310?
1
What is the hundreds digit of 263274?
2
What is the hundred thousands digit of 120998?
1
What is the ten thousands digit of 1859136?
5
What is the units digit of 25262?
2
What is the hundreds digit of 2795196?
1
What is the units digit of 288883?
3
What is the hundred thousands digit of 245131?
2
What is the ten thousands digit of 1407886?
0
What is the hundreds digit of 6170?
1
What is the thousands digit of 1830659?
0
What is the hundred thousands digit of 939997?
9
What is the ten thousands digit of 24023?
2
What is the tens digit of 4942260?
6
What is the thousands digit of 370594?
0
What is the tens digit of 37294?
9
What is the hundred thousands digit of 617149?
6
What is the thousands digit of 12031172?
1
What is the ten millions digit of 29465376?
2
What is the tens digit of 354596?
9
What is the hundred thousands digit of 461955?
4
What is the millions digit of 5000733?
5
What is the units digit of 5220841?
1
What is the thousands digit of 1178665?
8
What is the thousands digit of 7586411?
6
What is the hundreds digit of 28507?
5
What is the thousands digit of 6573529?
3
What is the hundreds digit of 1204385?
3
What is the ten thousands digit of 5436511?
3
What is the units digit of 7845265?
5
What is the units digit of 11436947?
7
What is the thousands digit of 680007?
0
What is the tens digit of 321411?
1
What is the hundred thousands digit of 3174254?
1
What is the hundred thousands digit of 297810?
2
What is the thousands digit of 17421033?
1
What is the ten thousands digit of 20811988?
1
What is the ten thousands digit of 1264767?
6
What is the hundreds digit of 6133702?
7
What is the hundreds digit of 61183?
1
What is the ten thousands digit of 524707?
2
What is the tens digit of 242630?
3
What is the thousands digit of 173106?
3
What is the units digit of 456923?
3
What is the ten millions digit of 24286010?
2
What is the hundreds digit of 309460?
4
What is the thousands digit of 549614?
9
What is the thousands digit of 195133?
5
What is the ten thousands digit of 333464?
3
What is the tens digit of 261933?
3
What is the hundred thousands digit of 3392653?
3
What is the units digit of 2591523?
3
What is the hundred thousands digit of 2046329?
0
What is the hundreds digit of 9798598?
5
What is the millions digit of 2749051?
2
What is the tens digit of 241473?
7
What is the thousands digit of 603900?
3
What is the thousands digit of 1449401?
9
What is the tens digit of 8886908?
0
What is the thousands digit of 3602001?
2
What is the units digit of 366098?
8
What is the hundred thousands digit of 1289920?
2
What is the hundred thousands digit of 299039?
2
What is the ten thousands digit of 788731?
8
What is the hundreds digit of 7877493?
4
What is the hundreds digit of 1100082?
0
What is the tens digit of 9412484?
8
What is the units digit of 912980?
0
What is the millions digit of 14271365?
4
What is the tens digit of 650082?
8
What is the units digit of 693745?
5
What is the thousands digit of 33346?
3
What is the thousands digit of 7802641?
2
What is the tens digit of 5105753?
5
What is the ten thousands digit of 10279730?
7
What is the ten thousands digit of 7656692?
5
What is the tens digit of 3894289?
8
What is the tens digit of 318580?
8
What is the tens digit of 2834948?
4
What is the units digit of 7083?
3
What is the hundred thousands digit of 331904?
3
What is the millions digit of 1004740?
1
What is the thousands digit of 3131479?
1
What is the units digit of 1258106?
6
What is the hundred thousands digit of 114820?
1
What is the ten thousands digit of 273496?
7
What is the hundreds digit of 8375?
3
What is the millions digit of 5220807?
5
What is the thousands digit of 7414639?
4
What is the thousands digit of 3595653?
5
What is the tens digit of 974008?
0
What is the units digit of 1879392?
2
What is the tens digit of 826896?
9
What is the ten thousands digit of 799114?
9
What is the hundreds digit of 30757069?
0
What is the thousands digit of 8398060?
8
What is the hundreds digit of 9340718?
7
What is the ten thousands digit of 5954074?
5
What is the units digit of 72489?
9
What is the units digit of 1552785?
5
What is the ten thousands digit of 769456?
6
What is the tens digit of 9402425?
2
What is the thousands digit of 3102733?
2
What is the ten thousands digit of 317008?
1
What is the tens digit of 717952?
5
What is the hundreds digit of 158928?
9
What is the hundred thousands digit of 3615116?
6
What is the hundred thousands digit of 2957704?
9
What is the hundred thousands digit of 2469500?
4
What is the thousands digit of 1400681?
0
What is the thousands digit of 164102?
4
What is the units digit of 91293?
3
What is the millions digit of 1674684?
1
What is the tens digit of 111742?
4
What is the hundreds digit of 3014835?
8
What is the tens digit of 21713330?
3
What is the thousands digit of 2284503?
4
What is the millions digit of 1796042?
1
What is the hundreds digit of 7215484?
4
What is the units digit of 292311?
1
What is the thousands digit of 59088?
9
What is the units digit of 17263733?
3
What is the ten thousands digit of 1303446?
0
What is the millions digit of 7694237?
7
What is the ten millions digit of 10171904?
1
What is the units digit of 4437025?
5
What is the thousands digit of 7272588?
2
What is the millions digit of 2804755?
2
What is the thousands digit of 85662?
5
What is the thousands digit of 336151?
6
What is the hundred thousands digit of 3296295?
2
What is the ten thousands digit of 169123?
6
What is the millions digit of 1838083?
1
What is the hundreds digit of 2001599?
5
What is the hundreds digit of 292264?
2
What is the hundreds digit of 35231763?
7
What is the ten thousands digit of 10734235?
3
What is the units digit of 3222552?
2
What is the units digit of 7665045?
5
What is the units digit of 4784557?
7
What is the units digit of 393863?
3
What is the hundred thousands digit of 624629?
6
What is the thousands digit of 1438797?
8
What is the hundred thousands digit of 400283?
4
What is the hundreds digit of 3203077?
0
What is the thousands digit of 185160?
5
What is t